me factors of 10 - (-1)/(l/(-6)).
7
Let w = 230 + -64. What are the prime factors of w?
2, 83
Suppose -4*o = 2*m - 10, m + 12 = 5*m. Suppose -3*s + o + 2 = 0. Let d = 11 + s. What are the prime factors of d?
2, 3
Suppose -10*z - 1628 + 208 = 0. Let p = z + 301. List the prime factors of p.
3, 53
Suppose 0 = -6*l + 20*l + 280. Let b(m) = 8*m**2 + 2*m - 3. Let h be b(2). Let u = l + h. What are the prime factors of u?
13
Let a be (11 + -2)/(-1) - 14/(-7). Let h = 49 - a. What are the prime factors of h?
2, 7
Let h be (-6 - -12)/(4/314). Let m = h - 316. What are the prime factors of m?
5, 31
Let v = 6 - 3. Suppose v*f + 95 = 2*n + 2*n, 24 = n - f. What are the prime factors of n?
23
Suppose 5 = -5*t, -t = -4*r + 2*r + 401. List the prime factors of r.
2, 5
Let i be 32/(-8) + (0 - 11). Let t = i + 41. List the prime factors of t.
2, 13
Let i be (2/(-6))/(15/(-6975)). Let f = i - 66. What are the prime factors of f?
89
Let n(t) = t - 1. Let b be n(-5). Let o(z) = -z**2 - 7*z - 2. Let k be o(b). List the prime factors of 20 - (4 - k/2).
2, 3
Suppose -968 = -5*x + 3167. What are the prime factors of x?
827
Suppose -h + 5*h - 872 = 0. Suppose -n + 0*n = -2*x + 218, 2*x - h = 5*n. List the prime factors of x.
109
Let p(z) = -1. Let h(l) = l**3 + 2*l**2 - 6*l + 3. Let y(u) = -h(u) - 6*p(u). List the prime factors of y(-5).
2, 3
Let x = 102 - 103. What are the prime factors of (-3 - (-40)/(-4))*16/x?
2, 13
List the prime factors of (-14757)/(-21) + (-1)/(28/(-8)).
19, 37
Let t(i) = -i**2 - 11*i + 256. List the prime factors of t(0).
2
Suppose 5*a + 2*p - 16 - 15 = 0, -2*a - 5*p = -25. Suppose -y - a*y = -192. What are the prime factors of y?
2
Let x(y) be the first derivative of -y**4/4 - 14*y**3/3 - 4*y**2 - 7*y + 1. What are the prime factors of x(-14)?
3, 5, 7
Let n(w) = 4*w**3 + 2*w - 3. Let y be n(1). Suppose 15 = 3*d - 0*d, 0 = g - y*d - 76. What are the prime factors of g?
7, 13
Let d(y) = 191*y**3 - y**2 + y - 1. Let v be d(1). Suppose -v = -3*p - 4*r, 322 = 2*p + 3*p + 4*r. List the prime factors of p.
2, 3, 11
List the prime factors of (-2)/(-4) - (-12 + 877/(-2)).
11, 41
Let i(a) = 22*a**3 - a**2 + 2. Let v(p) = -p**2 + 5*p - 4. Let d be v(3). Let c be i(d). Suppose -5*n - 74 + c = 0. List the prime factors of n.
2, 5
Suppose -1 - 4 = c, -5*a + 100 = -c. What are the prime factors of a?
19
What are the prime factors of 10/35*51*(0 - -203)?
2, 3, 17, 29
Let q = 255 - 148. List the prime factors of q.
107
Suppose -30114 = -35*c + 17*c. What are the prime factors of c?
7, 239
Let i = 5160 - 2936. What are the prime factors of i?
2, 139
Let l be (-18)/(-4) + (-9)/18. What are the prime factors of 49 - (-3 - (-6 + l))?
2, 5
Let p = 25 - 20. Suppose p*l - 1 + 20 = -3*a, 5*a = l + 15. What are the prime factors of l/10*-126 + 2?
5, 13
Suppose 4*m = -4*l - 5203 + 19023, 5*m + 13811 = 4*l. What are the prime factors of l?
2, 11, 157
Let d(b) = -67*b - 3. Let u be d(1). Let o = 27 - u. What are the prime factors of o?
97
Suppose 2*h - 10 = 0, 2*h + 2*h + 121 = 3*o. Let z = -40 + o. List the prime factors of z.
7
Let l be (-6)/((-54)/(-20) - 3). Suppose -l = 2*w - 7*w. Let q(h) = 2*h**3 - 5*h**2 - 3*h - 2. List the prime factors of q(w).
2, 17
Suppose -42 = -r + 3*g, -2*g + g = -1. Suppose 3*t - 2*k = -5*k + r, -4*t = -2*k - 30. Suppose 0 = -2*h + 12 + t. What are the prime factors of h?
11
Let d(n) = n**2 - 7*n + 11. Let v be d(6). Suppose 5*g = g - 4*z + 80, -4*g + 4*z = -48. Suppose g = v*l - 144. List the prime factors of l.
2
Suppose 2*q = -4 + 6, 2*q = 3*d - 529. Suppose -6*g + 9*g = d. What are the prime factors of g?
59
Let r be 166/(-18) - 6/(-27). Let k be 3/((r/(-124))/3). Suppose -4*f - k = -4*l, -5*f - 19 = -4*l + 102. List the prime factors of l.
2, 17
Suppose 0 = 4*z - 16, z - 5*z = h - 2164. What are the prime factors of h?
2, 3, 179
Suppose 4*j = 8*j - 980. Suppose u = 5*p - u - j, -p - 3*u + 49 = 0. List the prime factors of p.
7
Suppose 0 = -2*r - c + 6528, r + 10*c - 14*c - 3246 = 0. What are the prime factors of r?
2, 7, 233
What are the prime factors of (149 - 153)/((-4)/1659)?
3, 7, 79
Let m = -680 + 1172. List the prime factors of m.
2, 3, 41
Suppose r + 5*q - 17 = 0, 4*q - 2*q + 58 = 5*r. Suppose 3*l - 5*l = -r. What are the prime factors of ((-35)/(-3))/(2/l)?
5, 7
Let x(c) = 204*c - 34. What are the prime factors of x(15)?
2, 17, 89
Let u be (-93)/((-4)/16 + 1). Let n(s) = s**3 + 2. Let x be n(-2). What are the prime factors of u/x - (-7)/21?
3, 7
Suppose -3*y + 7*y - 24 = 0. Suppose t - 75 = y*t. Let p(c) = -c + 6. What are the prime factors of p(t)?
3, 7
What are the prime factors of 20/180 + (-1438)/(-18)?
2, 5
Let x(m) = 40*m + 28. Let h(k) = -20*k - 13. Let d(a) = -7*h(a) - 4*x(a). What are the prime factors of d(-6)?
3, 11
Let w(g) = -g**3 - g**2 + 2*g + 1. Let u be w(-3). Suppose u*b = 15*b - 106. List the prime factors of b.
53
Let t = -890 - -1344. List the prime factors of t.
2, 227
Suppose -27*u + 111409 - 26791 = 0. List the prime factors of u.
2, 1567
Suppose 465*l + 67 = 466*l. What are the prime factors of l?
67
Suppose 3*h = -h. Suppose -4*y = -h*y - 12. What are the prime factors of 2/y*(-135)/(-10)?
3
Let o(h) = -4*h**3 + 6*h**2 + 7 + 6*h - 3*h - 9*h + 5*h**3. Let i be o(-7). Suppose -u - 2*b + 34 = i, u - b = -8 + 39. List the prime factors of u.
2
Let m(s) = s**3 + 5*s**2 - 3*s - 5. Suppose -22 = 3*x + 5*l + 8, 8 = -4*x + 4*l. List the prime factors of m(x).
2, 5
Let p be 39/5 - 2/(-10). Let x = -1 - p. Let y = x - -47. List the prime factors of y.
2, 19
Suppose 35360 = -67*v + 87*v. List the prime factors of v.
2, 13, 17
List the prime factors of 8880/21 + 15/(-70)*4.
2, 211
Suppose l - 74 = 3*q, 3*l - 3*q - 23 = 211. What are the prime factors of l?
2, 5
Let t = -1262 + 2600. List the prime factors of t.
2, 3, 223
What are the prime factors of (-22)/1815*-11 + 56846/30?
5, 379
List the prime factors of (-4)/(48/(-12)) - -722.
3, 241
Suppose -2*w - 5*z = -4*w - 597, -20 = -4*z. Let a(f) = 2*f**2 - 19*f + 26. Let o be a(8). List the prime factors of (1/o)/((-13)/w).
11
Let k(l) = 2*l**2 + 9*l + 18. List the prime factors of k(10).
2, 7, 11
Let f be 5/20 + 150/8. Let t(h) = -h**3 + 13*h**2 + 3*h - 4. Let o be t(13). Let l = f + o. What are the prime factors of l?
2, 3
Let v(d) = -d**3 + 18*d**2 + 23*d - 72. What are the prime factors of v(13)?
2, 67
Let w be 0 + 0/(1 - 5). Let j(n) = 4*n + 73. List the prime factors of j(w).
73
Suppose -3*v + 20 = -166. Let k = -35 + v. What are the prime factors of k?
3
Suppose -a + 2*i = -2*i + 11, 4*i = 20. Let l = 59 - 6. Let p = l - a. List the prime factors of p.
2, 11
Suppose 4*s - 4736 = 4*i, 1887 = 2*s + 2*i - 493. What are the prime factors of s?
1187
Suppose -42 = p - 3*k - 539, 0 = -5*p + 4*k + 2485. List the prime factors of p.
7, 71
Suppose -2*q - 14 + 73 = w, 0 = -5*w + 2*q + 283. List the prime factors of w.
3, 19
Let z = -1204 + 1945. What are the prime factors of z?
3, 13, 19
Let d(x) = 14*x**2 + 8. Let k be d(4). Suppose -k = 16*r - 18*r. List the prime factors of r.
2, 29
Let m = 1012 + 30. What are the prime factors of m?
2, 521
Let a(r) = -r**3 - 5*r**2 - 6*r - 1. Let l(p) = -3*p - 37. Let i be l(-17). Let k = -19 + i. List the prime factors of a(k).
29
Let r be 2/(-6) - (-160)/30. Suppose -r*f = -2*f - 570. List the prime factors of f.
2, 5, 19
Let a(w) = 21*w + 9. Suppose 1 = -4*k + 17. List the prime factors of a(k).
3, 31
Suppose q = -5*b - 85, 0 = -b + 2*b + 4*q + 17. Let g = 79 + b. List the prime factors of g.
2, 31
Let k(u) = u**2 + 23*u + 25. Let s be k(-22). Suppose -70 = -s*q - 2*z, 5*z - 8 - 2 = 0. List the prime factors of q.
2, 11
Let z = 16 - 14. Suppose 5*p = 2*l + 447, -5*l + 23 = z*p - 150. What are the prime factors of p?
89
Let y = 515 - 105. What are the prime factors of y?
2, 5, 41
Suppose 4*r - 3452 = 3*g, -2*r + 4*r + 5*g = 1752. What are the prime factors of r?
2, 433
Suppose -j + 1143 = -1023. What are the prime factors of j?
2, 3, 19
Let u(k) = -k**3 + 13*k**2 + 3*k - 19. Let o be u(13). Let s(b) = -b**2 + 19*b + 57. What are the prime factors of s(o)?
37
Let x be (-4 + 6)/(4/(-238)) - -3. List the prime factors of (-12)/(-8)*x/(-6).
29
Let o be -3 + ((0/2)/3)/2. List the prime factors of (-480)/o + (6 - 5) + -1.
2, 5
Wha